{"id":9230,"date":"2023-05-26T12:44:08","date_gmt":"2023-05-26T10:44:08","guid":{"rendered":"http:\/\/vsrl.sviluppokeyweb.com\/prodotto\/705-mobili\/"},"modified":"2024-01-10T11:35:46","modified_gmt":"2024-01-10T10:35:46","slug":"meuble-de-rangement-artisanal-decor-coiffeur","status":"publish","type":"product","link":"https:\/\/www.vezzosisrl.com\/fr\/meuble-de-rangement-artisanal-decor-coiffeur\/","title":{"rendered":"705 MOBILI"},"content":{"rendered":"<p>Structure en m\u00e9lamin\u00e9 blanc brillant avec portes en primeboard et pieds en m\u00e9tal poli. Meuble de rangement au design essentiel et aux compartiments de rangement, utile comme support \u00e0 votre espace de lavage. En choisissant cette solution, vous optimiserez les espaces sans n\u00e9gliger le style. La composition est disponible en gris anthracite super mat ou en gris cachemire.<\/p>\n","protected":false},"excerpt":{"rendered":"<p>Structure en m\u00e9lamin\u00e9 blanc brillant avec portes en primeboard et pieds en m\u00e9tal poli. Meuble de rangement au design essentiel et aux compartiments de rangement, utile comme support \u00e0 votre espace de lavage. En choisissant cette solution, vous optimiserez les espaces sans n\u00e9gliger le style. La composition est disponible en gris anthracite super mat ou&#8230;<\/p>\n","protected":false},"featured_media":6658,"template":"","meta":[],"product_brand":[],"product_cat":[486],"product_tag":[],"class_list":{"0":"post-9230","1":"product","2":"type-product","3":"status-publish","4":"has-post-thumbnail","6":"product_cat-meubles-de-service","7":"pa_collezione-vezzosi-style-fr","9":"first","10":"instock","11":"product-type-simple"},"acf":[],"yoast_head":"<!-- This site is optimized with the Yoast SEO plugin v26.9 - https:\/\/yoast.com\/product\/yoast-seo-wordpress\/ -->\n<title>705 MOBILI - Vezzosi Arredamenti<\/title>\n<meta name=\"robots\" content=\"index, follow, max-snippet:-1, max-image-preview:large, max-video-preview:-1\" \/>\n<link rel=\"canonical\" href=\"https:\/\/www.vezzosisrl.com\/fr\/meuble-de-rangement-artisanal-decor-coiffeur\/\" \/>\n<meta property=\"og:locale\" content=\"fr_FR\" \/>\n<meta property=\"og:type\" content=\"article\" \/>\n<meta property=\"og:title\" content=\"705 MOBILI - Vezzosi Arredamenti\" \/>\n<meta property=\"og:description\" content=\"Structure en m\u00e9lamin\u00e9 blanc brillant avec portes en primeboard et pieds en m\u00e9tal poli. Meuble de rangement au design essentiel et aux compartiments de rangement, utile comme support \u00e0 votre espace de lavage. En choisissant cette solution, vous optimiserez les espaces sans n\u00e9gliger le style. La composition est disponible en gris anthracite super mat ou...\" \/>\n<meta property=\"og:url\" content=\"https:\/\/www.vezzosisrl.com\/fr\/meuble-de-rangement-artisanal-decor-coiffeur\/\" \/>\n<meta property=\"og:site_name\" content=\"Vezzosi Arredamenti\" \/>\n<meta property=\"article:modified_time\" content=\"2024-01-10T10:35:46+00:00\" \/>\n<meta property=\"og:image\" content=\"https:\/\/www.vezzosisrl.com\/wp-content\/uploads\/2023\/05\/Arredamento-artigianale-per-salone-di-bellezza.jpg\" \/>\n\t<meta property=\"og:image:width\" content=\"900\" \/>\n\t<meta property=\"og:image:height\" content=\"900\" \/>\n\t<meta property=\"og:image:type\" content=\"image\/jpeg\" \/>\n<meta name=\"twitter:card\" content=\"summary_large_image\" \/>\n<script type=\"application\/ld+json\" class=\"yoast-schema-graph\">{\"@context\":\"https:\/\/schema.org\",\"@graph\":[{\"@type\":\"WebPage\",\"@id\":\"https:\/\/www.vezzosisrl.com\/fr\/meuble-de-rangement-artisanal-decor-coiffeur\/\",\"url\":\"https:\/\/www.vezzosisrl.com\/fr\/meuble-de-rangement-artisanal-decor-coiffeur\/\",\"name\":\"705 MOBILI - Vezzosi Arredamenti\",\"isPartOf\":{\"@id\":\"https:\/\/www.vezzosisrl.com\/fr\/#website\"},\"primaryImageOfPage\":{\"@id\":\"https:\/\/www.vezzosisrl.com\/fr\/meuble-de-rangement-artisanal-decor-coiffeur\/#primaryimage\"},\"image\":{\"@id\":\"https:\/\/www.vezzosisrl.com\/fr\/meuble-de-rangement-artisanal-decor-coiffeur\/#primaryimage\"},\"thumbnailUrl\":\"https:\/\/www.vezzosisrl.com\/wp-content\/uploads\/2023\/05\/Arredamento-artigianale-per-salone-di-bellezza.jpg\",\"datePublished\":\"2023-05-26T10:44:08+00:00\",\"dateModified\":\"2024-01-10T10:35:46+00:00\",\"breadcrumb\":{\"@id\":\"https:\/\/www.vezzosisrl.com\/fr\/meuble-de-rangement-artisanal-decor-coiffeur\/#breadcrumb\"},\"inLanguage\":\"fr-FR\",\"potentialAction\":[{\"@type\":\"ReadAction\",\"target\":[\"https:\/\/www.vezzosisrl.com\/fr\/meuble-de-rangement-artisanal-decor-coiffeur\/\"]}]},{\"@type\":\"ImageObject\",\"inLanguage\":\"fr-FR\",\"@id\":\"https:\/\/www.vezzosisrl.com\/fr\/meuble-de-rangement-artisanal-decor-coiffeur\/#primaryimage\",\"url\":\"https:\/\/www.vezzosisrl.com\/wp-content\/uploads\/2023\/05\/Arredamento-artigianale-per-salone-di-bellezza.jpg\",\"contentUrl\":\"https:\/\/www.vezzosisrl.com\/wp-content\/uploads\/2023\/05\/Arredamento-artigianale-per-salone-di-bellezza.jpg\",\"width\":900,\"height\":900},{\"@type\":\"BreadcrumbList\",\"@id\":\"https:\/\/www.vezzosisrl.com\/fr\/meuble-de-rangement-artisanal-decor-coiffeur\/#breadcrumb\",\"itemListElement\":[{\"@type\":\"ListItem\",\"position\":1,\"name\":\"Home\",\"item\":\"https:\/\/www.vezzosisrl.com\/fr\/\"},{\"@type\":\"ListItem\",\"position\":2,\"name\":\"Produits\",\"item\":\"https:\/\/www.vezzosisrl.com\/prodotti\/\"},{\"@type\":\"ListItem\",\"position\":3,\"name\":\"705 MOBILI\"}]},{\"@type\":\"WebSite\",\"@id\":\"https:\/\/www.vezzosisrl.com\/fr\/#website\",\"url\":\"https:\/\/www.vezzosisrl.com\/fr\/\",\"name\":\"Vezzosi Arredamenti\",\"description\":\"\",\"potentialAction\":[{\"@type\":\"SearchAction\",\"target\":{\"@type\":\"EntryPoint\",\"urlTemplate\":\"https:\/\/www.vezzosisrl.com\/fr\/?s={search_term_string}\"},\"query-input\":{\"@type\":\"PropertyValueSpecification\",\"valueRequired\":true,\"valueName\":\"search_term_string\"}}],\"inLanguage\":\"fr-FR\"}]}<\/script>\n<!-- \/ Yoast SEO plugin. -->","yoast_head_json":{"title":"705 MOBILI - Vezzosi Arredamenti","robots":{"index":"index","follow":"follow","max-snippet":"max-snippet:-1","max-image-preview":"max-image-preview:large","max-video-preview":"max-video-preview:-1"},"canonical":"https:\/\/www.vezzosisrl.com\/fr\/meuble-de-rangement-artisanal-decor-coiffeur\/","og_locale":"fr_FR","og_type":"article","og_title":"705 MOBILI - Vezzosi Arredamenti","og_description":"Structure en m\u00e9lamin\u00e9 blanc brillant avec portes en primeboard et pieds en m\u00e9tal poli. Meuble de rangement au design essentiel et aux compartiments de rangement, utile comme support \u00e0 votre espace de lavage. En choisissant cette solution, vous optimiserez les espaces sans n\u00e9gliger le style. La composition est disponible en gris anthracite super mat ou...","og_url":"https:\/\/www.vezzosisrl.com\/fr\/meuble-de-rangement-artisanal-decor-coiffeur\/","og_site_name":"Vezzosi Arredamenti","article_modified_time":"2024-01-10T10:35:46+00:00","og_image":[{"width":900,"height":900,"url":"https:\/\/www.vezzosisrl.com\/wp-content\/uploads\/2023\/05\/Arredamento-artigianale-per-salone-di-bellezza.jpg","type":"image\/jpeg"}],"twitter_card":"summary_large_image","schema":{"@context":"https:\/\/schema.org","@graph":[{"@type":"WebPage","@id":"https:\/\/www.vezzosisrl.com\/fr\/meuble-de-rangement-artisanal-decor-coiffeur\/","url":"https:\/\/www.vezzosisrl.com\/fr\/meuble-de-rangement-artisanal-decor-coiffeur\/","name":"705 MOBILI - Vezzosi Arredamenti","isPartOf":{"@id":"https:\/\/www.vezzosisrl.com\/fr\/#website"},"primaryImageOfPage":{"@id":"https:\/\/www.vezzosisrl.com\/fr\/meuble-de-rangement-artisanal-decor-coiffeur\/#primaryimage"},"image":{"@id":"https:\/\/www.vezzosisrl.com\/fr\/meuble-de-rangement-artisanal-decor-coiffeur\/#primaryimage"},"thumbnailUrl":"https:\/\/www.vezzosisrl.com\/wp-content\/uploads\/2023\/05\/Arredamento-artigianale-per-salone-di-bellezza.jpg","datePublished":"2023-05-26T10:44:08+00:00","dateModified":"2024-01-10T10:35:46+00:00","breadcrumb":{"@id":"https:\/\/www.vezzosisrl.com\/fr\/meuble-de-rangement-artisanal-decor-coiffeur\/#breadcrumb"},"inLanguage":"fr-FR","potentialAction":[{"@type":"ReadAction","target":["https:\/\/www.vezzosisrl.com\/fr\/meuble-de-rangement-artisanal-decor-coiffeur\/"]}]},{"@type":"ImageObject","inLanguage":"fr-FR","@id":"https:\/\/www.vezzosisrl.com\/fr\/meuble-de-rangement-artisanal-decor-coiffeur\/#primaryimage","url":"https:\/\/www.vezzosisrl.com\/wp-content\/uploads\/2023\/05\/Arredamento-artigianale-per-salone-di-bellezza.jpg","contentUrl":"https:\/\/www.vezzosisrl.com\/wp-content\/uploads\/2023\/05\/Arredamento-artigianale-per-salone-di-bellezza.jpg","width":900,"height":900},{"@type":"BreadcrumbList","@id":"https:\/\/www.vezzosisrl.com\/fr\/meuble-de-rangement-artisanal-decor-coiffeur\/#breadcrumb","itemListElement":[{"@type":"ListItem","position":1,"name":"Home","item":"https:\/\/www.vezzosisrl.com\/fr\/"},{"@type":"ListItem","position":2,"name":"Produits","item":"https:\/\/www.vezzosisrl.com\/prodotti\/"},{"@type":"ListItem","position":3,"name":"705 MOBILI"}]},{"@type":"WebSite","@id":"https:\/\/www.vezzosisrl.com\/fr\/#website","url":"https:\/\/www.vezzosisrl.com\/fr\/","name":"Vezzosi Arredamenti","description":"","potentialAction":[{"@type":"SearchAction","target":{"@type":"EntryPoint","urlTemplate":"https:\/\/www.vezzosisrl.com\/fr\/?s={search_term_string}"},"query-input":{"@type":"PropertyValueSpecification","valueRequired":true,"valueName":"search_term_string"}}],"inLanguage":"fr-FR"}]}},"_links":{"self":[{"href":"https:\/\/www.vezzosisrl.com\/fr\/wp-json\/wp\/v2\/product\/9230","targetHints":{"allow":["GET"]}}],"collection":[{"href":"https:\/\/www.vezzosisrl.com\/fr\/wp-json\/wp\/v2\/product"}],"about":[{"href":"https:\/\/www.vezzosisrl.com\/fr\/wp-json\/wp\/v2\/types\/product"}],"wp:featuredmedia":[{"embeddable":true,"href":"https:\/\/www.vezzosisrl.com\/fr\/wp-json\/wp\/v2\/media\/6658"}],"wp:attachment":[{"href":"https:\/\/www.vezzosisrl.com\/fr\/wp-json\/wp\/v2\/media?parent=9230"}],"wp:term":[{"taxonomy":"product_brand","embeddable":true,"href":"https:\/\/www.vezzosisrl.com\/fr\/wp-json\/wp\/v2\/product_brand?post=9230"},{"taxonomy":"product_cat","embeddable":true,"href":"https:\/\/www.vezzosisrl.com\/fr\/wp-json\/wp\/v2\/product_cat?post=9230"},{"taxonomy":"product_tag","embeddable":true,"href":"https:\/\/www.vezzosisrl.com\/fr\/wp-json\/wp\/v2\/product_tag?post=9230"}],"curies":[{"name":"wp","href":"https:\/\/api.w.org\/{rel}","templated":true}]}}

<p>Structure en mélaminé blanc brillant avec portes en primeboard et pieds en métal poli. Meuble de rangement au design essentiel et aux compartiments de rangement, utile comme support à votre espace de lavage. En choisissant cette solution, vous optimiserez les espaces sans négliger le style. La composition est disponible en gris anthracite super mat ou en gris cachemire.</p>

<p>Structure en mélaminé blanc brillant avec portes en primeboard et pieds en métal poli. Meuble de rangement au design essentiel et aux compartiments de rangement, utile comme support à votre espace de lavage. En choisissant cette solution, vous optimiserez les espaces sans négliger le style. La composition est disponible en gris anthracite super mat ou&#8230;</p>

<!-- This site is optimized with the Yoast SEO plugin v26.9 - https://yoast.com/product/yoast-seo-wordpress/ -->
<title>705 MOBILI - Vezzosi Arredamenti</title>
<meta name="robots" content="index, follow, max-snippet:-1, max-image-preview:large, max-video-preview:-1" />
<link rel="canonical" href="https://www.vezzosisrl.com/fr/meuble-de-rangement-artisanal-decor-coiffeur/" />
<meta property="og:locale" content="fr_FR" />
<meta property="og:type" content="article" />
<meta property="og:title" content="705 MOBILI - Vezzosi Arredamenti" />
<meta property="og:description" content="Structure en mélaminé blanc brillant avec portes en primeboard et pieds en métal poli. Meuble de rangement au design essentiel et aux compartiments de rangement, utile comme support à votre espace de lavage. En choisissant cette solution, vous optimiserez les espaces sans négliger le style. La composition est disponible en gris anthracite super mat ou..." />
<meta property="og:url" content="https://www.vezzosisrl.com/fr/meuble-de-rangement-artisanal-decor-coiffeur/" />
<meta property="og:site_name" content="Vezzosi Arredamenti" />
<meta property="article:modified_time" content="2024-01-10T10:35:46+00:00" />
<meta property="og:image" content="https://www.vezzosisrl.com/wp-content/uploads/2023/05/Arredamento-artigianale-per-salone-di-bellezza.jpg" />
	<meta property="og:image:width" content="900" />
	<meta property="og:image:height" content="900" />
	<meta property="og:image:type" content="image/jpeg" />
<meta name="twitter:card" content="summary_large_image" />
<script type="application/ld+json" class="yoast-schema-graph">{"@context":"https://schema.org","@graph":[{"@type":"WebPage","@id":"https://www.vezzosisrl.com/fr/meuble-de-rangement-artisanal-decor-coiffeur/","url":"https://www.vezzosisrl.com/fr/meuble-de-rangement-artisanal-decor-coiffeur/","name":"705 MOBILI - Vezzosi Arredamenti","isPartOf":{"@id":"https://www.vezzosisrl.com/fr/#website"},"primaryImageOfPage":{"@id":"https://www.vezzosisrl.com/fr/meuble-de-rangement-artisanal-decor-coiffeur/#primaryimage"},"image":{"@id":"https://www.vezzosisrl.com/fr/meuble-de-rangement-artisanal-decor-coiffeur/#primaryimage"},"thumbnailUrl":"https://www.vezzosisrl.com/wp-content/uploads/2023/05/Arredamento-artigianale-per-salone-di-bellezza.jpg","datePublished":"2023-05-26T10:44:08+00:00","dateModified":"2024-01-10T10:35:46+00:00","breadcrumb":{"@id":"https://www.vezzosisrl.com/fr/meuble-de-rangement-artisanal-decor-coiffeur/#breadcrumb"},"inLanguage":"fr-FR","potentialAction":[{"@type":"ReadAction","target":["https://www.vezzosisrl.com/fr/meuble-de-rangement-artisanal-decor-coiffeur/"]}]},{"@type":"ImageObject","inLanguage":"fr-FR","@id":"https://www.vezzosisrl.com/fr/meuble-de-rangement-artisanal-decor-coiffeur/#primaryimage","url":"https://www.vezzosisrl.com/wp-content/uploads/2023/05/Arredamento-artigianale-per-salone-di-bellezza.jpg","contentUrl":"https://www.vezzosisrl.com/wp-content/uploads/2023/05/Arredamento-artigianale-per-salone-di-bellezza.jpg","width":900,"height":900},{"@type":"BreadcrumbList","@id":"https://www.vezzosisrl.com/fr/meuble-de-rangement-artisanal-decor-coiffeur/#breadcrumb","itemListElement":[{"@type":"ListItem","position":1,"name":"Home","item":"https://www.vezzosisrl.com/fr/"},{"@type":"ListItem","position":2,"name":"Produits","item":"https://www.vezzosisrl.com/prodotti/"},{"@type":"ListItem","position":3,"name":"705 MOBILI"}]},{"@type":"WebSite","@id":"https://www.vezzosisrl.com/fr/#website","url":"https://www.vezzosisrl.com/fr/","name":"Vezzosi Arredamenti","description":"","potentialAction":[{"@type":"SearchAction","target":{"@type":"EntryPoint","urlTemplate":"https://www.vezzosisrl.com/fr/?s={search_term_string}"},"query-input":{"@type":"PropertyValueSpecification","valueRequired":true,"valueName":"search_term_string"}}],"inLanguage":"fr-FR"}]}</script>
<!-- / Yoast SEO plugin. -->

Structure en mélaminé blanc brillant avec portes en primeboard et pieds en métal poli. Meuble de rangement au design essentiel et aux compartiments de rangement, utile comme support à votre espace de lavage. En choisissant cette solution, vous optimiserez les espaces sans négliger le style. La composition est disponible en gris anthracite super mat ou...
